- 4*a + 9. Let i be o(2). What is the highest common divisor of 9 and i?
9
Let r(k) = -2*k**2 - 10*k + 9. Let m be r(-5). Let l be (0/(-2))/(-2) + 72. Calculate the highest common divisor of l and m.
9
Let y = 3 - -97. Suppose 3*o - y = -o. What is the highest common factor of o and 100?
25
Let y be (-1)/((-1)/(-75)*-1). Let i = y + -48. What is the greatest common divisor of i and 243?
27
Let k(u) = -u**2 - 8*u. Let d = -4 + -2. Let t be k(d). Let z be 3/2*(28 - -12). Calculate the highest common divisor of z and t.
12
Suppose -22 + 1 = -3*q. Let v be 242/12 - q/42. Let r(j) = 20*j**3 + j - 1. Let t be r(1). Calculate the highest common divisor of v and t.
20
Suppose 3*s - 13*s + 380 = 0. Calculate the highest common factor of s and 266.
38
Let g = -1 + 2. Let j = 3 - g. Suppose 7*d - 225 = j*d. Calculate the highest common divisor of 30 and d.
15
Suppose 0 = -d - 0*d. Suppose d = 4*v - v - 405. Suppose 2*w = 7*w - v. Calculate the highest common factor of 9 and w.
9
Suppose 3*v - 204 = -0*v + 2*u, 0 = 2*u + 6. What is the highest common divisor of v and 6?
6
Let l(v) = -v**2 + 5*v + 1. Let w be l(5). Let g be 0 + (10 - 1 - 2). What is the highest common factor of g and w?
1
Let m(x) = -23*x**3 + x**2 + x - 1. Let f be m(1). Let v = f + 48. Let a = 32 - -7. Calculate the highest common factor of a and v.
13
Let k(y) = y**2 + 12*y + 14. Let g be k(-12). What is the greatest common factor of g and 112?
14
Suppose 4*i = -0*r - 3*r, 2*i = 2*r - 14. Suppose -r*x + 3 = -69. Calculate the greatest common factor of x and 6.
6
Suppose -d - 3 = -2*d - 3*f, 3*d - 2*f = -13. Let b be (d - (0 + -1))*2. Let r = 0 - b. Calculate the greatest common divisor of r and 8.
4
Let t be 166/6 + 2/(-3). Let q be 74/26 - (-6)/39. What is the highest common divisor of q and t?
3
Suppose 0 = z - 7 - 3. Let f(r) = r**3 - 11*r**2 + 11*r + 1. Let a be f(z). Calculate the highest common factor of 33 and a.
11
Suppose 270 = 5*k - 6*y + y, 4*k = -3*y + 202. Let c = 31 + -18. Calculate the greatest common factor of c and k.
13
Let t(p) = 11*p**2 - 11*p + 10. Let b be t(5). What is the highest common factor of b and 92?
46
Suppose -2*l + 2*g + 4 = 0, 3*l - 2*g = 2*l. Suppose 107 = l*c - 53. Calculate the greatest common factor of 10 and c.
10
Let y = 2 + -1. Let x be (y + 0)/(1/45). Let u = 45 - 40. Calculate the highest common factor of u and x.
5
Let x be (-3)/(-5) + 102/30. Suppose -3*v = -3*w - 81, -4*v + 70 + 6 = x*w. What is the highest common divisor of v and 46?
23
Let s(n) = 4*n**3 + 2*n**2 - 2*n. Let y(l) = -l**3 - l**2 - 1. Let o(x) = -s(x) - 3*y(x). Let z be o(-4). What is the greatest common divisor of z and 50?
25
Let o = 17 + 17. What is the greatest common factor of o and 374?
34
Let z = -3 - -8. Let u be 2 - (-3 - (0 + 0)). What is the highest common divisor of u and z?
5
Suppose 3*x + 16 = -x, -w + 1 = 4*x. Suppose -234 - 378 = -4*r. Calculate the greatest common factor of w and r.
17
Suppose 3*i - 15 = -45. Let o be i*(7/(-5) - -1). Let m = 5 + -1. Calculate the highest common divisor of m and o.
4
Suppose -5*o - 17 = -47. What is the highest common divisor of 6 and o?
6
Let g = -20 + 64. Let a be -16 + 649/22 + (-10)/4. What is the highest common divisor of a and g?
11
Let y(o) = -6*o - 7. Let g be y(-5). Let x = g - -43. Suppose 0*j - j = -x. Calculate the greatest common factor of j and 6.
6
Let b(n) = 2*n + 17. Let p be b(-7). What is the highest common divisor of p and 2?
1
Suppose 4 = -3*u + 1. Let c(j) = j**3 + 2*j**2 - 5*j - 4. Let h be c(-3). Let g be u + -3 + h + 17. What is the highest common factor of 15 and g?
15
Let f = -726 - -766. Suppose -2*h - 4*v - 44 = 0, 0*v + 56 = -3*h - 4*v. Let d = h + 20. Calculate the greatest common factor of d and f.
8
Let j(t) = -11*t. Let s be j(-8). What is the greatest common factor of s and 11?
11
Suppose -50 - 27 = -7*w. What is the greatest common factor of w and 99?
11
Let c(y) = 208*y**2 - 5*y - 5. Let r be c(-1). Calculate the highest common factor of 52 and r.
52
Let b(c) = c + 14. Let z be b(-9). Suppose 40 = 5*j + 5*p, -z*j - 5*p + 38 = -p. Let d be 1/4 - 334/(-8). What is the greatest common factor of j and d?
6
Let z be (-32)/(-24) + 280/6. Calculate the highest common divisor of z and 16.
16
Let l = -141 - -211. Calculate the greatest common divisor of l and 10.
10
Suppose 2*y = 97 - 25. Let c be 2/9 - (-1612)/y. Calculate the greatest common factor of 5 and c.
5
Suppose b + 2 = -2, 3*w = -5*b - 8. Let r = 3 + -23. Let t be ((-2)/w + 0)*r. Calculate the greatest common divisor of 70 and t.
10
Suppose 194 = 3*s + 4*n, -3*n + 0 = -15. Calculate the greatest common factor of 29 and s.
29
Let h = -28 + 51. What is the greatest common factor of h and 207?
23
Let w = -363 + 213. Let m = 275 + w. Calculate the highest common divisor of m and 25.
25
Suppose -i + 9 = 2*i. Let p be 5 - (i + (-3 - -3)). What is the greatest common factor of 1 and p?
1
Suppose 0*g + 5*t = -2*g + 57, 0 = -g + 3*t + 34. Calculate the greatest common divisor of 248 and g.
31
Suppose -3*y = -m - 26, 5*m - 17 = -5*y + 13. What is the highest common factor of y and 12?
4
Let r be -28 - (2 - (1 + 2)). Let w = -19 - r. Let c be w*(-1 + 3) + 1. What is the greatest common factor of 136 and c?
17
Let h(c) = c**2 - 10*c + 5. Let l be h(10). Calculate the highest common divisor of 40 and l.
5
Let c be (-3)/(-15) - (-92)/(-10). Let x = -2 - c. Let o = 3 + x. Calculate the greatest common divisor of 110 and o.
10
Let f(g) be the first derivative of 8*g**3/3 + g**2 + 2. Let l be f(2). Calculate the greatest common factor of l and 6.
6
Let h be 1/((-2)/16)*-20. Calculate the highest common divisor of h and 20.
20
Let w = 17 + -25. Let h = w + 11. Suppose -2*s + m + 21 = -0*m, -h*s + 42 = -5*m. Calculate the highest common divisor of 63 and s.
9
Suppose 4*m - 68 = -4*a, 2*a - 32 - 20 = 4*m. What is the highest common factor of 30 and a?
10
Let r be (79 - (-6 - -4))*4/3. Calculate the highest common divisor of 36 and r.
36
Suppose 0 = 2*s - 157 + 3. Calculate the greatest common divisor of s and 7.
7
Suppose -2*w - 6 = 0, 0*c + c - 21 = w. Suppose -6*g + 10*g = 36. What is the highest common factor of c and g?
9
Suppose 4*q - 8 = -24. Let p be 3/(3/q) + 12. Calculate the greatest common divisor of p and 8.
8
Let m(s) = s + 1. Let x be m(-4). Let t = x - -12. Calculate the highest common factor of 72 and t.
9
Let y = -12 + 18. What is the greatest common factor of 3 and y?
3
Let c = 155 + -83. What is the greatest common divisor of c and 180?
36
Let s = 7 + -2. Let i = -28 - -48. What is the greatest common divisor of i and s?
5
Let s(f) = 19*f**3 - f**2 - f + 2. Let j be s(1). Calculate the greatest common divisor of j and 133.
19
Let p(j) = -j**2 + 3*j + 4. Let k be p(3). Let b be ((-3 - -2) + 2)*k. Let z be 2 + -1 - (0 - 11). What is the highest common factor of b and z?
4
Suppose -2*v + 22 = -v. Suppose -s = -0*s. Suppose s = -k + 1 + 32. What is the greatest common divisor of v and k?
11
Suppose 4*f + 32 = 2*i, -3*i + 18 + 30 = -3*f. Suppose 0 = -6*q + 839 - 167. What is the greatest common divisor of i and q?
16
Let w(t) = 8*t**2 - 2*t. Let s be w(-2). What is the greatest common factor of 24 and s?
12
Let b = -19 + 27. Let p = -89 - -129. What is the highest common divisor of b and p?
8
Let b(h) = -3*h - 5*h**2 + 8 - 4 + 0*h**3 - h**3. Let z be b(-3). Let r = z - -10. Calculate the highest common divisor of 1 and r.
1
Let r be -1 - -3 - 1 - -2. Let t(g) = -r*g**3 - 13*g**3 + 1 + 2*g**3 + 2*g - g**2. Let x be t(-2). Calculate the greatest common divisor of x and 15.
15
Suppose -5 = -d - 5*k, 2*k = 4*d - k - 43. Let m(c) = c**2 - 10*c + 9. Let b be m(d). Calculate the highest common divisor of b and 3.
3
Let x(q) = 4*q**2 + 3*q - 2. Let k(i) = 5*i**2 + 4*i - 2. Let u(o) = -2*k(o) + 3*x(o). Let w be u(-2). Calculate the greatest common divisor of 20 and w.
4
Let p = 21 - -9. Suppose -t + 2340 = -6*t. Let o be t/(-45) - 4/10. Calculate the highest common divisor of p and o.
10
Let q(i) = i**3 + 4*i**2 + i + 1. Let l be q(-4). Let r = 3 + l. Suppose -2*c + 39 + 321 = r. What is the greatest common divisor of 20 and c?
20
Let n(p) be the first derivative of p**2 + 19*p - 9. Let u be n(-8). Calculate the greatest common factor of u and 6.
3